s -17 - -1?
-16
In base 3, what is 10 - -1021?
1101
In base 5, what is 113 - 31?
32
In base 6, what is 105 - 5?
100
In base 16, what is 1 + 8a?
8b
In base 4, what is 1132 - 102?
1030
In base 12, what is -13 + 75a?
747
In base 9, what is -157 + -1?
-158
In base 4, what is 100 + 10?
110
In base 4, what is -1 - -10210?
10203
In base 7, what is 11004 - 2?
11002
In base 10, what is 221 - -7?
228
In base 12, what is -161 + 18?
-145
In base 4, what is -232111 + 3?
-232102
In base 4, what is 11 + 221?
232
In base 9, what is 4 + -53?
-48
In base 8, what is -6123 - 4?
-6127
In base 2, what is 1 + -1000000?
-111111
In base 15, what is -1d6 - -4?
-1d2
In base 10, what is 12157 + -3?
12154
In base 3, what is -10 - 11002?
-11012
In base 5, what is 101411 - -3?
101414
In base 7, what is -46 - 6?
-55
In base 4, what is 3 + 10000?
10003
In base 6, what is -5 - 1122?
-1131
In base 5, what is 4 + 1302?
1311
In base 7, what is 61 + 144?
235
In base 15, what is b - 3?
8
In base 13, what is -13a8 - 0?
-13a8
In base 15, what is -17c - -1d?
-15e
In base 7, what is -4316 + 3?
-4313
In base 14, what is 0 - 824?
-824
In base 2, what is 11010001100 - -11?
11010001111
In base 3, what is -22 - 2122?
-2221
In base 11, what is 6 + -455?
-44a
In base 2, what is -1 + -11011?
-11100
In base 9, what is -5663 + -3?
-5666
In base 9, what is 68 + -1?
67
In base 16, what is -1e - e7?
-105
In base 6, what is -5 - 125?
-134
In base 9, what is 24 + 4?
28
In base 2, what is -100 + 1000010?
111110
In base 13, what is 5 - -6a5?
6aa
In base 12, what is -2a - 0?
-2a
In base 3, what is -11 + -210211?
-210222
In base 6, what is 425 - 2?
423
In base 5, what is 1 - -1143?
1144
In base 13, what is -2b7 - -39?
-27b
In base 5, what is -10 + -213?
-223
In base 2, what is 1110011 + -110?
1101101
In base 10, what is 14 - -14?
28
In base 11, what is 1 + -5423?
-5422
In base 5, what is 114 - -201?
320
In base 6, what is 142 + -2?
140
In base 7, what is 210 + 66?
306
In base 13, what is -21a - 1?
-21b
In base 5, what is 20 + 112?
132
In base 16, what is -c4fc - -3?
-c4f9
In base 16, what is -2 - -20?
1e
In base 8, what is 11 + 22?
33
In base 6, what is -4222 + 5?
-4213
In base 9, what is 4 + 25?
30
In base 10, what is 46 - 18?
28
In base 2, what is 11000101110 - 100?
11000101010
In base 13, what is -6 - 5c?
-65
In base 11, what is -2 - -77?
75
In base 10, what is 0 - 1211?
-1211
In base 12, what is 26 + -8?
1a
In base 11, what is -15 - -22?
8
In base 5, what is 333 + 10?
343
In base 14, what is -1d - -5?
-18
In base 4, what is -3 + -112203?
-112212
In base 16, what is -1335 - -3?
-1332
In base 8, what is 35 + 0?
35
In base 5, what is -4 - -44?
40
In base 7, what is 3 - -200?
203
In base 7, what is 1 - -1640?
1641
In base 14, what is 4d1 - -5?
4d6
In base 3, what is -10 - 2010?
-2020
In base 10, what is 252 - -3?
255
In base 4, what is -30 - -210?
120
In base 7, what is 10342 - 1?
10341
In base 3, what is -2 + -21221?
-22000
In base 2, what is -101 + 1010?
101
In base 10, what is 1091 - 1?
1090
In base 14, what is 3 - -12?
15
In base 11, what is -467 - -6?
-461
In base 6, what is 4 + 154?
202
In base 9, what is 155 - 34?
121
In base 12, what is 5b - -10?
6b
In base 4, what is -3 + -20011?
-20020
In base 8, what is -21100 + 1?
-21077
In base 13, what is -323 - a?
-330
In base 7, what is -2 + 104?
102
In base 3, what is -1122 + -2?
-1201
In base 9, what is 431 + -35?
385
In base 11, what is 22 - -10?
32
In base 14, what is 2 - 14?
-12
In base 4, what is -21033 + 11?
-21022
In base 12, what is -39 + 1?
-38
In base 9, what is -11 + -80?
-101
In base 14, what is -235 - d?
-244
In base 5, what is -4 + -33131?
-33140
In base 11, what is 258a + 1?
2590
In base 7, what is 3 + -135?
-132
In base 6, what is -5 + -1012?
-1021
In base 13, what is -6 - -1010?
1007
In base 16, what is 2d - 0?
2d
In base 11, what is -961 - 2?
-963
In base 8, what is 2123 + -2?
2121
In base 5, what is 123 + -411?
-233
In base 5, what is 4 - 3244?
-3240
In base 14, what is 5 - -16?
1b
In base 5, what is 14043 - 4?
14034
In base 14, what is 4 - -237?
23b
In base 6, what is 555 + 3?
1002
In base 9, what is 3 - -116?
120
In base 10, what is 3 - -629?
632
In base 16, what is -60 + -12?
-72
In base 14, what is -a2 + -39?
-db
In base 10, what is -5 + -2198?
-2203
In base 11, what is 3 - 148?
-145
In base 13, what is b38 - 5?
b33
In base 11, what is 2 - -100?
102
In base 2, what is 101 + -1101000010?
-1100111101
In base 3, what is 1221 - -20?
2011
In base 5, what is 200 + -1143?
-443
In base 6, what is -4332 + 4?
-4324
In base 12, what is 33 - 4?
2b
In base 16, what is -1e84 - 0?
-1e84
In base 14, what is -270d - -2?
-270b
In base 4, what is -1 - 103001?
-103002
In base 8, what is -20 - -715?
675
In base 3, what is -12 - 1201022?
-1201111
In base 9, what is 217 + -4?
213
In base 11, what is 16 - -42?
58
In base 13, what is -14 + 31?
1a
In base 6, what is 150 - 3?
143
In base 12, what is 7 + -536?
-52b
In base 3, what is 10002 - 12?
2220
In base 15, what is 6bb + 2?
6bd
In base 8, what is 7 + -154?
-145
In base 15, what is -8 + -1d?
-26
In base 2, what is -100100110111 + 0?
-100100110111
In base 9, what is -255 + 0?
-255
In base 8, what is 1 - 40?
-37
In base 6, what is -4 - -2123?
2115
In base 14, what is 104 + -3?
101
In base 6, what is -1 + -214?
-215
In base 14, what is 4 - 64?
-60
In base 15, what is 22 - -10?
32
In base 7, what is 0 - 213?
-213
In base 9, what is 4 - -116?
121
In base 9, what is 2664 - -1?
2665
In base 13, what is 474 - 3?
471
In base 13, what is -603 + 4?
-5cc
In base 14, what is 3 - 123?
-120
In base 7, what is -2 + 4362?
4360
In base 6, what is 12200 - 1?
12155
In base 7, what is 22 + -400?
-345
In base 2, what is -101111101 - 11?
-110000000
In base 8, what is -40 + 6?
-32
In base 8, what is 11143 - 1?
11142
In base 8, what is 0 + -43?
-43
In base 14, what is b2 + -3?
ad
In base 10, what is 16 + -1454?
-1438
In base 16, what is -2 + -49f?
-4a1
In base 4, what is 2 - 33020?
-33012
In base 9, what is 4 - 3?
1
In base 4, what is 21 + -2133?
-2112
In base 9, what is 1285 - 2?
1283
In base 5, what is -10233 - -2?
-10231
In base 11, what is 6 - -24?
2a
In base 9, what is -81 - 108?
-200
In base 16, what is -5 - 81?
-86
In base 10, what is -5 + -1974?
-1979
In base 10, what is 0 - 3?
-3
In base 12, what is -15 + -b?
-24
In base 11, what is -3 - 799?
-7a1
In base 10, what is -27 - -12?
-15
In base 16, what is -4 + -24?
-28
In base 7, what is -156 - 3?
-162
In base 7, what is -21605 + -2?
-21610
In base 7, what is 2 + -20?
-15
In base 8, what is -12673 + 4?
-12667
In base 4, what is -102 + -1?
-103
In base 10, what is 2 - 772?
-770
In base 2, what is 100101110010 - 10?
100101110000
In base 3, what is -11 - -2200111?
2200100
In base 12, what is -a + 1?
-9
In base 4, what is 22200 + 0?
22200
In base 2, what is -111011110 + -101?
-111100011
In base 12, what is 3b39 + -1?
3b38
In base 9, what is 8 - 173?
-164
In base 12, what is -2 + -1a?
-20
In base 9, what is -30 - -4?
-25
In base 14, what is -b73 - 5?
-b78
In base 4, what is -30 - -33210?
33120
In base 3, what is -12 - 221?
-1010
In base 11, what is 5 - 111?
-107
In base 8, what is -24556 - 3?
-24561
In base 12, what is 5 - -109a?
10a3
In base 7, what is -210 + 1?
-206
In base 7, what is 11 - 11363?
-11352
In base 4, what is 112 + 13?
131
In base 5, what is -10 - -2023?
2013
In base 6, what is 1 + 32404?
32405
In base 7, what is 5613 + -1?
5612
In base 5, what is 23 + -101?
-23
In base 5, what is 3 + -2032?
-2024
In base 3, what is 2 + 20?
22
In base 15, what is 17 + 1e9?
211
In base 14, what is -4 + -20?
-24
In base 12, what is -415 + 5?
-410
In base 11, what is -2a + -12?
-41
In base 2, what is 11 + 10011100?
10011111
In base 12, what is -83 - a?
-91
In base 11, what is 196 - -6?
1a1
In base 14, what is 2db + -2?
2d9
In base 12, what is 53 - 7?
48
In base 15, what is 186 - -5?
18b
In base 3, what is -200220 - -10?
-200210
In base 3, what is -21 + -100221?
-101012
In base 12, what is 4 + -129b?
-1297
In base 10, what is -230 + -5?
-235
In base 5, what is -303440 - -2?
-303433
In base 3, what is 1112 - -2001?
10120
In base 2, what is -10010001001 - -101?
-10010000100
In base 4, what is 1 - 210?
-203
In base 15, what is d + -1d7?
-1c9
In base 5, what is 2 - -121?
123
In base 1